*s + 546. Let t = s - 180. What is the greatest common factor of t and 174?
2
Suppose -64*q - 75*q = -46*q - 1488. Let a = -1 - -3. Suppose 0 = -4*k - b + 703, -706 = -4*k - 0*b + a*b. What is the greatest common factor of k and q?
16
Let t be ((140/(-21))/(-5) + -6)*1*-60. What is the highest common factor of 120 and t?
40
Let t(s) = -3*s - 33. Let o be t(-29). Let c = o + 42. Calculate the highest common factor of 12 and c.
12
Suppose -2*g = -649*x + 650*x - 5, -5*x = 3*g - 53. Calculate the highest common divisor of 2028 and x.
13
Let q = 3158 + -3064. What is the greatest common divisor of 2 and q?
2
Suppose -24 = -3*v + 2*i, 18 + 3 = 3*v - i. Let w be 7 + ((-4)/(-4) - v - -6). Calculate the highest common factor of 52 and w.
4
Suppose 0 = -4*b - 3*f - 15, 4*b - 2*b + 5 = f. Let d = b + 5. Suppose 1708 = -259*y + 381*y. What is the greatest common divisor of d and y?
2
Suppose 3*t + 2*d = 24, 0 = -t + 2*d - 4*d + 4. Let h be -64*((-22)/t)/(24/60). Let j = 90 - 46. What is the highest common factor of h and j?
44
Suppose 5*t + 6296 - 6711 = 0. Calculate the greatest common factor of 2 and t.
1
Let u(c) = c**3 + 5*c**2 - 9*c - 6. Let h be u(-6). Let s be (4 + -5)/(1/h). Let m = 25 + s. Calculate the highest common factor of 13 and m.
13
Let d(x) = 2*x**2 - 127*x + 1090. Let r be d(54). What is the greatest common divisor of r and 34?
2
Suppose 299*r + 3*w + 14872 = 303*r, 5*w - 3672 = -r. Calculate the highest common factor of 1664 and r.
128
Let q(b) = -5 + b**2 - 16 - 28*b - 8 + 11. Let i be q(31). Calculate the greatest common divisor of i and 375.
75
Suppose 17*s = 6*s + 66. Suppose c + 36 + 40 = q, -c + 2 = 0. What is the highest common factor of s and q?
6
Let a(k) = -k**3 - k - 6. Let z be a(-2). Suppose z*o = 3*w + 40, -4*o + 6*w - w + 40 = 0. Calculate the highest common divisor of o and 35.
5
Suppose 32323*w - 3910 = 32289*w. Calculate the greatest common divisor of w and 35.
5
Let h(s) = 3*s**2 + 1. Let j be h(-1). Suppose 5*o = -j + 24. Suppose o*y - 4*w = 40, 3*y + y - 2*w - 44 = 0. What is the greatest common factor of y and 72?
12
Let d be (-1507681)/(-203) + 24/2. What is the greatest common factor of 43 and d?
43
Let u(h) = 194*h - 313*h + 46 + 40 + 175*h - 7. Let a be u(3). What is the highest common divisor of a and 52?
13
Let n(i) = 3*i**2 - 15*i + 24. Let z be n(4). Let o(l) = 3*l**2 + 72. Let r be o(z). What is the highest common factor of r and 14?
14
Let j(s) = -167*s - 429. Let g be j(-12). Calculate the highest common divisor of 1197 and g.
63
Let j = -545 + 551. Suppose -4*w - 448 = -j*w. What is the greatest common factor of 56 and w?
56
Let r(h) = 1553*h + 10577. Let g be r(14). What is the greatest common divisor of 133 and g?
133
Suppose -369 = -14*z - 817. Let d = 118 + z. Calculate the greatest common factor of d and 817.
43
Let k = 70 - 24. Let g = 48 - k. Suppose 5*h - 326 = -g*w, 4*w - 140 = -2*h - 0*w. Calculate the highest common divisor of 96 and h.
32
Let k = 320 - 320. Suppose 98*v - 105*v + 441 = k. Calculate the greatest common factor of v and 18.
9
Suppose 136 = 64*l - 62*l. Suppose 6*a = 5*a + l. Calculate the greatest common divisor of 4 and a.
4
Suppose 4880 - 1162 = -5*b + 18*b. What is the highest common factor of 143 and b?
143
Suppose 7*p = -2*p. Suppose 4*f - 56 = -3*s - 12, -2*s - 5*f + 41 = p. Let u be (-1690)/(-40) - (0 - (-2)/s). What is the greatest common divisor of u and 6?
6
Let m(k) = 12*k - 14. Let r be m(-3). Let g be (-4164)/(-20) - 40/r. Calculate the highest common factor of g and 57.
19
Suppose -5*j + 11*j = -8*j + 2688. Calculate the greatest common factor of 240 and j.
48
Let l = 43 + -8. Let i = -1167 - -1170. Suppose -40 = -7*f + 2*f + 5*a, a + 22 = i*f. Calculate the highest common divisor of l and f.
7
Let n = -80 + 55. Let t = 23 - n. Let p = -78 + 114. Calculate the highest common divisor of p and t.
12
Let n(l) = l + 1. Let o be n(2). Let v be ((-90)/(-12))/((-1)/(-16)*o). What is the greatest common factor of 1200 and v?
40
Suppose 19*g + 2522 = 6*g. Let d = g - -196. What is the highest common factor of 1 and d?
1
Suppose -4*g + 432 = 4*x - 344, 208 = x + 3*g. Calculate the greatest common divisor of 1598 and x.
17
Suppose -6*q = -16*q + 6475 + 4545. Calculate the highest common divisor of q and 406.
58
Let v(t) = t**3 + 20*t**2 - 72*t - 28. Let x be v(-23). Calculate the greatest common divisor of 1927 and x.
41
Suppose 7*t - 28*t - 63 = 0. Let w(y) = -25*y + 1 - 11 - 8*y - 1. Let p be w(t). Calculate the greatest common divisor of 11 and p.
11
Suppose 0*a = 6*a - 6. Let d be 2/(-3 + 3 + a). Suppose -2*z + 2 = -d. What is the highest common divisor of 4 and z?
2
Let q = -1814 + 5467. What is the highest common divisor of q and 39?
13
Let y = -5446 + 5716. Calculate the greatest common divisor of 8 and y.
2
Let x = -735 + 759. Calculate the greatest common factor of x and 4776.
24
Let f = 15042 + -15030. What is the greatest common divisor of f and 1356?
12
Let b(s) = 35*s - 135. Suppose -2*r + 21 - 13 = 0, -4*y + r + 32 = 0. Let t be b(y). Calculate the greatest common divisor of t and 90.
90
Suppose -23*b = -17*b - 444. Let r = -61 + b. Let q(a) = 3*a**2 - 5*a + 4. Let y be q(-5). Calculate the greatest common divisor of y and r.
13
Suppose -8*i = -13*i - 2*v + 2218, -2*v = -13*i + 5774. What is the highest common divisor of i and 108?
12
Suppose -76*h = 3*u - 81*h - 300, 3*h + 198 = 2*u. Calculate the greatest common factor of 702 and u.
18
Suppose 15*w = -2*o + 10*w + 582, -5*o - w + 1455 = 0. Calculate the greatest common factor of 3 and o.
3
Let i = -95 - -140. Suppose 1 = -u, 5*u + i = 3*j + j. Let k(q) = -4*q + 3. Let t be k(-3). What is the greatest common divisor of t and j?
5
Suppose -3*u + 3*k - 20 = -350, 0 = -4*u - 4*k + 440. Suppose 19*g - 575 - 261 = 0. What is the greatest common divisor of g and u?
22
Let p = -473 + 369. Let w = p - -170. Calculate the highest common divisor of w and 6.
6
Let q = 1100 + -1030. Let y be 5*5/(20/8). Calculate the greatest common divisor of q and y.
10
Let c(u) = -1 + 3*u - 10*u - 2. Let l be c(-3). Suppose 2*w - l = -0*w. What is the highest common factor of w and 81?
9
Suppose 7*a + 60 = 2*d + 4*a, -3*a + 12 = 0. What is the highest common divisor of 148 and d?
4
Suppose -24*l = 160*l - 407376. What is the greatest common factor of l and 82?
82
Let h = 11684 + -11664. What is the greatest common factor of 4210 and h?
10
Let r = -3079 + 3083. Suppose -5*f + 89 = 9. Let x be (r/8)/(2/f). Calculate the greatest common factor of x and 4.
4
Let r = 347 + -346. Let f be (0 - 2)*r - (-10 + 6). What is the highest common factor of f and 8?
2
Suppose -173*x = -161*x - 13692. Calculate the highest common factor of x and 14.
7
Let r = -1016 - -688. Let q = -323 - r. What is the greatest common divisor of q and 265?
5
Let b be (7 - 381)/(-22) - -107. Calculate the greatest common divisor of 4526 and b.
62
Suppose 0 = -125*o + 128*o + 3*m - 573, -5*o + 5*m + 885 = 0. Suppose 3*l - 115 = -2*l. Calculate the greatest common factor of o and l.
23
Suppose -8*d + 8 = -4*d. Suppose 4*z + 2*r = 84, 0 = -4*z - 2*r + 3*r + 78. Let a be (z/3)/(d/3). Calculate the greatest common factor of 10 and a.
10
Let j be 53/(-371) - (5/(-3))/((-14)/(-648)). Calculate the greatest common factor of j and 287.
7
Let y be (-3)/((-15)/(-25)) - -47. Let u = 402 - 192. Calculate the greatest common divisor of u and y.
42
Let a(l) = 453*l - 1578. Let t be a(5). What is the greatest common divisor of 7099 and t?
229
Suppose 12*h - 728 = 4*h. Suppose 5*f = 3*c + 228, 3*c + h = -2*f - 137. Let v = -71 - c. What is the highest common factor of 45 and v?
5
Suppose 0 = 1790*f - 1670*f - 124200. Calculate the greatest common factor of 1242 and f.
207
Suppose -948 = -42*o + 2748. What is the highest common divisor of 264 and o?
88
Let b(c) = 19*c**2 + 6. Let m be b(0). Suppose m*u + 11 - 353 = 0. Calculate the highest common factor of 114 and u.
57
Suppose -6 = -14*q - 76. Let h be (6 - (-28)/q)/(2/780). Calculate the greatest common factor of 39 and h.
39
Let i = 7920 - 7907. Calculate the highest common factor of i and 8.
1
Let b be 38 + (1 - 3 - -2). Let z = 44 + 0. Let m = z - b. Calculate the greatest common divisor of m and 4.
2
Suppose 4*d = 5*w + 454,